hen m(u) is divided by 13.
8
Suppose -134 = -2*r - 8. Let g(o) = -1056*o + 53882. Calculate the remainder when r is divided by g(51).
11
Suppose 0 = 4*c + 4*z + 20, -4*c - 3*z = 8 + 7. Let f be 1*2 - ((c - 6) + 5). What is the remainder when (-2)/(((-1)/f)/(4/6)) is divided by 3?
1
Let g = -579 + 589. Calculate the remainder when 132 is divided by g*9/180*68.
30
Let i = 45 - 99. Let h = 327 - 265. Let a = i + h. What is the remainder when 33 is divided by a?
1
Suppose -8*h - 59 = -99. Calculate the remainder when ((-274)/h)/(-8 - (-790)/100) is divided by 55.
53
Let a(n) be the third derivative of 17*n**4/24 + 20*n**3/3 + 7*n**2 - 2*n. Calculate the remainder when 72 is divided by a(0).
32
Let r = -82 - -306. Suppose -4*q = 4*b - r, 0 = -4*b + 12 - 0. Let d(n) = -3*n - 27. Calculate the remainder when q is divided by d(-15).
17
Suppose -220 = 228*t - 250*t. What is the remainder when 2897 is divided by t?
7
Let a = 7525 + -7268. What is the remainder when 268 is divided by a?
11
What is the remainder when 0 + -1 + (-55)/((-1595)/232) is divided by 4?
3
Let z(j) = -j**2 - 32*j - 187. Let y(g) = 88*g + 5. What is the remainder when y(3) is divided by z(-15)?
65
Let q = 2256 - 743. Calculate the remainder when q is divided by 22.
17
Let h(m) = -6*m**2 + 71*m + 42. Let q be h(17). Let d = -475 - q. Let i(b) = 3*b**2 + 7*b + 6. What is the remainder when i(-4) is divided by d?
6
Let p be (1*(-3 - 4))/(-1). What is the remainder when 4/p - 8010/(-70) is divided by 30?
25
Suppose 4*h - z - 153 = 0, -3*z - 30 = 2*h - 3*h. Calculate the remainder when 47 is divided by h.
8
Suppose 2*l + 3*u = -338, -3*l - 2*u = -l + 338. Let n = -276 - l. Let d = n - -156. Calculate the remainder when d is divided by 10.
9
Let o be (81 + 2)/(2/6) + -4. Suppose 52*a + o = 59*a. What is the remainder when 314 is divided by a?
34
What is the remainder when 1562 is divided by (1323/196)/(3/4)?
5
Let i(z) = -1493*z + 394. What is the remainder when i(0) is divided by 97?
6
Suppose -4*r = 0, 2*x - 3*r - 2*r = -272. Let m = -9 - x. Calculate the remainder when m is divided by 350/11 + (72/66)/6.
31
Let i be (-1)/3 + (-2)/(-6). Suppose 3*u - 44 - 35 = 5*f, 2*u + 3*f - 40 = i. Calculate the remainder when u is divided by (-1 - 14)*6/(-10).
5
Let d(k) = k**2 + 18*k + 32. Let a be d(-16). Suppose -i - 5 = 0, i + a*i = m - 75. Let o = m + -38. What is the remainder when 124 is divided by o?
28
Suppose 4*p - 2*m = 2512, -6*p + 4*p + 4*m + 1268 = 0. Calculate the remainder when p is divided by 37.
34
Let q = -696 + 713. Suppose -q*x - 13 + 1220 = 0. What is the remainder when 140 is divided by x?
69
Let x = 91 + 19. Let b = -3644 + 3682. What is the remainder when x is divided by b?
34
Let v = -102 - -100. Let l be ((2 - 4) + v/(-2))*0. Suppose 11*z - 201 - 19 = l. What is the remainder when z is divided by 6?
2
Let g = -94 - -86. Let o(d) = -52*d - 25. Let m be o(g). Suppose -99 = -10*p + m. What is the remainder when 97 is divided by p?
48
Let q be 28/21*6/(-4). Let w be (13 - q/(-1)) + -5 + 3. Calculate the remainder when 58 is divided by (-216)/(-15) + w/15.
13
Suppose z + 2*c = 431, -43*z + 41*z = -4*c - 798. What is the remainder when z is divided by 415?
0
Let r = -101 + 540. Let p = r + -409. Calculate the remainder when p is divided by 30.
0
Suppose -10 = -5*f + 3*f, 0 = 5*t + f + 15. Calculate the remainder when 170 is divided by (-3010)/(-245)*(-14)/t.
41
Let v(p) = 3*p**3 + 2*p**2 + 99*p - 900. What is the remainder when v(9) is divided by 38?
22
Calculate the remainder when ((-7)/1)/(-29 + 28) + 635 is divided by 6.
0
Suppose -219*m + 171*m = -2928. Calculate the remainder when 362 is divided by m.
57
Suppose 15*z - 540 = 9*z. Suppose z*j = 95*j - 235. Calculate the remainder when 93 is divided by j.
46
Let g be (-12)/((-14)/8 - -1). Let q(w) = w + 42 - 107 + 7*w + 43. Calculate the remainder when q(g) is divided by 9.
7
Let x = -7335 + 7358. Calculate the remainder when x is divided by 7.
2
Suppose -2*t = 60*k - 63*k + 46, 4*t = -3*k + 16. Let o(b) = b**3 + 11*b**2 - 2*b - 10. What is the remainder when k is divided by o(-11)?
0
Let p = -3379 + 3455. Suppose -5*a + 4*o = -7, 9 = 2*a - a + 3*o. Suppose -a*u + 52 = -u. What is the remainder when p is divided by u?
24
Let k = -1439 + 1908. What is the remainder when k is divided by 158?
153
Suppose 0 = -2*v + 4 + 38. Suppose 5*m = 4*f + 38, -m - f + 16 = 2*m. Suppose -46*l = -47*l + m. What is the remainder when v is divided by l?
3
Suppose 3*n = 12, 0 = 5*k + 5*n - 695 - 375. Let m = k + -105. What is the remainder when m is divided by 9?
6
Suppose x + 35 = -2*i, -2*x - 4*i = -4*x - 86. Let j = -10 - x. What is the remainder when 141 is divided by j?
25
Suppose 5*p - 2*w = 955, -2*p - 2*w - 2*w + 406 = 0. Suppose -p = -4*q + 267. Calculate the remainder when q is divided by 17.
13
Let p(w) = -w**3 + 9*w**2 + w - 33. Let g be p(11). Let v = g - -650. What is the remainder when v is divided by 99?
89
Let g = 879 - 499. Suppose 0*q - g = -5*q. Suppose -18 = 7*s - 9*s, -4*m + 66 = -2*s. What is the remainder when q is divided by m?
13
Suppose 4*r = -3*a + 61, 3*r - 3*a - 16 = 14. Let v(q) = -r*q - 9 + 24*q - 3*q + 23. What is the remainder when 118 is divided by v(2)?
28
Suppose -11*o - 214 - 666 = 0. Calculate the remainder when 24 is divided by (22/(-8))/(10/o) - 1.
3
Suppose -4*a + 2 = -5*a, 3*m - 13 = 2*a. Suppose 2*o - 28 - 36 = p, -2*p - 95 = -m*o. Let l = -23 + o. What is the remainder when 37 is divided by l?
7
Suppose 4 = -11*w + 10*w, 5*l + 4*w - 15494 = 0. What is the remainder when l is divided by 20?
2
Let k(d) = -d**2 - 14*d - 6. Let u be k(-13). Let q(o) = -o**3 - 32*o**2 - 30*o. Let l be q(-31). Let s = u - l. What is the remainder when s is divided by 10?
8
Let b be (6/10)/((-9)/(-90)). Calculate the remainder when 39 is divided by (b + 95/(-15))*-84.
11
Suppose 56*b + 56*b - 12125 = 15*b. What is the remainder when b is divided by 67?
58
Suppose -8*q - 84 = -6*q - 2*m, 3*m = 5*q + 216. Suppose 0 = 4*s - x - 88, 2*s = -s + x + 65. Calculate the remainder when (1998/q)/((-8)/20) is divided by s.
19
Suppose 3*l + l - 10 = 2*u, -2*u - 3*l + 25 = 0. Let m be 33 - (u + 0)*(-14)/35. What is the remainder when 57 is divided by 0/1 + (m - 6)?
28
Let g = -497 - -224. Let q = g + 282. Calculate the remainder when (-2)/(-5) + 153/5 is divided by q.
4
Suppose 4*r - r + 291 = 0. Let l = 806 - 705. Let f = r + l. Calculate the remainder when 6 is divided by f.
2
Suppose 6040*v = 6056*v - 10112. Calculate the remainder when v is divided by 213.
206
Suppose -4*c - 13*n + 301 = -16*n, 405 = 5*c + 2*n. Calculate the remainder when 386 is divided by c.
70
Calculate the remainder when 303 is divided by 23/(3105/(-30)) - (-569)/9.
51
Suppose 0 = 14*o - 69 - 141. Let m(t) = -6*t + 25. Let n be m(5). Calculate the remainder when n/(-25) + ((-269)/(-5))/1 is divided by o.
9
Suppose -b - 5*v = -0*b - 69, 2*v = 5*b - 318. What is the remainder when 135 is divided by b?
7
Suppose 12*b - 9733 = 1007. Suppose -8*m = 103 - b. What is the remainder when 490 is divided by m?
94
Let m(t) = -5*t + 4. Let h be m(9). Let i = -20 - h. Suppose 5*y - 24 = 2*l, l + 4 = 4*y - 17. Calculate the remainder when i is divided by y.
3
Suppose -74*k + 71*k + 58 = 2*o, -3*o - k = -80. Let n = 362 + -187. Calculate the remainder when n is divided by o.
19
Let k(o) = -o**2 + 11*o + 9. Let i = 69036 - 69022. Calculate the remainder when k(10) is divided by i.
5
Let p(g) = 3*g + 56. Let s be p(-14). What is the remainder when 447 is divided by (-132)/(-4 + -7)*s/3?
55
Let d(i) = 374*i**2 + 139*i - 285. What is the remainder when d(2) is divided by 741?
7
Suppose 246 = 26*n - 25*n + 5*h, 3*n = -h + 822. Calculate the remainder when n is divided by 82.
30
Let j(x) = 1123*x - 5585. Suppose 0*g - 410 = -5*g + 5*d, g - 4*d = 82. Calculate the remainder when g is divided by j(5).
22
Suppose -2*n = -168*g + 171*g - 8192, 3*g = 5*n - 20522. Calculate the remainder when n is divided by 57.
55
Let r = 0 + 6. Let q = 3267 + -3265. Suppose 50 = q*u - r. What is the remainder when 80 is divided by u?
24
Suppose -3*w = h - 52, -2*h = -0*h - w - 76. Suppose 3*x - 79 = -4*l - 17, 5*l = -5. Calculate the remainder when h is divided by x.
18
Let t be 2/(-3)*(-14)/(-21)*9. 